{"id":8666,"date":"2026-02-05T22:02:49","date_gmt":"2026-02-05T20:02:49","guid":{"rendered":"https:\/\/musikschule-goerlitz.de\/?post_type=tribe_events&#038;p=8666"},"modified":"2026-02-05T22:02:49","modified_gmt":"2026-02-05T20:02:49","slug":"abschlusskonzert-vom-dreiklang-projekt-mixtura-meets-kinderchor-im-kulturforum-synagoge-goerlitz","status":"publish","type":"tribe_events","link":"https:\/\/musikschule-goerlitz.de\/pl\/event\/abschlusskonzert-vom-dreiklang-projekt-mixtura-meets-kinderchor-im-kulturforum-synagoge-goerlitz\/","title":{"rendered":"Abschlusskonzert vom Dreiklang-Projekt &#8222;MIXTURA meets Kinderchor&#8220; im Kulturforum Synagoge G\u00f6rlitz"},"content":{"rendered":"<p>Erleben Sie das Abschlusskonzert der Probenwoche des Dreiklang-Projekts &#8222;MIXTURA meets Kinderchor&#8220;.<br \/>\nKinder und Jugendliche der Lausitzer Musikschulen pr\u00e4sentieren das Ergebnis ihrer Probenwoche. Mit dabei: Die G\u00f6rlitzer Urauff\u00fchrung von &#8222;S\u00fc\u00dfkinds Tochter &#8211; Vier Tage in Trimberg im Herbst 1262&#8220;. Diese musikalische Geschichte f\u00fcr Sprecher, Kinderorchester und Kinderchor stammt aus der Feder von Thomas Stapel &#8211; eigens zum &#8222;Tacheles-Jahr 2026&#8220; geschrieben. Weitere St\u00fccke von Telemann und Vivaldi runden das Konzert ab.<\/p>\n<p>Platzreservierungen m\u00f6glich \u00fcber: <a href=\"https:\/\/www.dreiklang-oberlausitz.de\/reservierungen\">https:\/\/www.dreiklang-oberlausitz.de\/reservierungen<\/a><\/p>\n<p>Eintritt frei &#8211; Spenden erbeten!<\/p>","protected":false},"excerpt":{"rendered":"<p>Erleben Sie das Abschlusskonzert der Probenwoche des Dreiklang-Projekts &#8222;MIXTURA meets Kinderchor&#8220;. Kinder und Jugendliche der Lausitzer Musikschulen pr\u00e4sentieren das Ergebnis ihrer Probenwoche. Mit dabei: Die G\u00f6rlitzer Urauff\u00fchrung von &#8222;S\u00fc\u00dfkinds Tochter [&hellip;]<\/p>\n","protected":false},"author":3,"featured_media":8665,"template":"","meta":{"_monsterinsights_skip_tracking":false,"_monsterinsights_sitenote_active":false,"_monsterinsights_sitenote_note":"","_monsterinsights_sitenote_category":0,"_tribe_events_status":"","_tribe_events_status_reason":"","footnotes":""},"tags":[],"tribe_events_cat":[],"class_list":["post-8666","tribe_events","type-tribe_events","status-publish","has-post-thumbnail","hentry"],"_links":{"self":[{"href":"https:\/\/musikschule-goerlitz.de\/pl\/wp-json\/wp\/v2\/tribe_events\/8666","targetHints":{"allow":["GET"]}}],"collection":[{"href":"https:\/\/musikschule-goerlitz.de\/pl\/wp-json\/wp\/v2\/tribe_events"}],"about":[{"href":"https:\/\/musikschule-goerlitz.de\/pl\/wp-json\/wp\/v2\/types\/tribe_events"}],"author":[{"embeddable":true,"href":"https:\/\/musikschule-goerlitz.de\/pl\/wp-json\/wp\/v2\/users\/3"}],"version-history":[{"count":1,"href":"https:\/\/musikschule-goerlitz.de\/pl\/wp-json\/wp\/v2\/tribe_events\/8666\/revisions"}],"predecessor-version":[{"id":8667,"href":"https:\/\/musikschule-goerlitz.de\/pl\/wp-json\/wp\/v2\/tribe_events\/8666\/revisions\/8667"}],"wp:featuredmedia":[{"embeddable":true,"href":"https:\/\/musikschule-goerlitz.de\/pl\/wp-json\/wp\/v2\/media\/8665"}],"wp:attachment":[{"href":"https:\/\/musikschule-goerlitz.de\/pl\/wp-json\/wp\/v2\/media?parent=8666"}],"wp:term":[{"taxonomy":"post_tag","embeddable":true,"href":"https:\/\/musikschule-goerlitz.de\/pl\/wp-json\/wp\/v2\/tags?post=8666"},{"taxonomy":"tribe_events_cat","embeddable":true,"href":"https:\/\/musikschule-goerlitz.de\/pl\/wp-json\/wp\/v2\/tribe_events_cat?post=8666"}],"curies":[{"name":"wp","href":"https:\/\/api.w.org\/{rel}","templated":true}]}}

Abschlusskonzert vom Dreiklang-Projekt &#8222;MIXTURA meets Kinderchor&#8220; im Kulturforum Synagoge Görlitz

<p>Erleben Sie das Abschlusskonzert der Probenwoche des Dreiklang-Projekts &#8222;MIXTURA meets Kinderchor&#8220;.<br />
Kinder und Jugendliche der Lausitzer Musikschulen präsentieren das Ergebnis ihrer Probenwoche. Mit dabei: Die Görlitzer Uraufführung von &#8222;Süßkinds Tochter &#8211; Vier Tage in Trimberg im Herbst 1262&#8220;. Diese musikalische Geschichte für Sprecher, Kinderorchester und Kinderchor stammt aus der Feder von Thomas Stapel &#8211; eigens zum &#8222;Tacheles-Jahr 2026&#8220; geschrieben. Weitere Stücke von Telemann und Vivaldi runden das Konzert ab.</p>
<p>Platzreservierungen möglich über: <a href="https://www.dreiklang-oberlausitz.de/reservierungen">https://www.dreiklang-oberlausitz.de/reservierungen</a></p>
<p>Eintritt frei &#8211; Spenden erbeten!</p>

<p>Erleben Sie das Abschlusskonzert der Probenwoche des Dreiklang-Projekts &#8222;MIXTURA meets Kinderchor&#8220;. Kinder und Jugendliche der Lausitzer Musikschulen präsentieren das Ergebnis ihrer Probenwoche. Mit dabei: Die Görlitzer Uraufführung von &#8222;Süßkinds Tochter [&hellip;]</p>
