{"id":4578,"date":"2022-08-24T06:46:58","date_gmt":"2022-08-24T06:46:58","guid":{"rendered":"https:\/\/musikschule-goerlitz.de\/?page_id=4578"},"modified":"2023-09-04T12:46:35","modified_gmt":"2023-09-04T12:46:35","slug":"faq-oft-gestellte-fragen","status":"publish","type":"page","link":"https:\/\/musikschule-goerlitz.de\/pl\/faq-oft-gestellte-fragen\/","title":{"rendered":"FAQ &#8211; oft gestellte Fragen"},"content":{"rendered":"<div class=\"et_d4_element et_pb_section et_pb_section_0  et_pb_css_mix_blend_mode et_section_regular et_block_section\" >\n\t\t\t\t\n\t\t\t\t\n\t\t\t\t\n\t\t\t\t\n\t\t\t\t\n\t\t\t\t\n\t\t\t\t<div class=\"et_d4_element et_pb_row et_pb_row_0  et_pb_css_mix_blend_mode et_block_row\">\n\t\t\t\t<div class=\"et_d4_element et_pb_column_4_4 et_pb_column et_pb_column_0  et_pb_css_mix_blend_mode et-last-child et_block_column\">\n\t\t\t\t\n\t\t\t\t\n\t\t\t\t\n\t\t\t\t\n\t\t\t\t<div class=\"et_pb_module et_d4_element et_pb_toggle et_pb_toggle_0 et_pb_toggle_item  et_pb_toggle_close\">\n\t\t\t\t\n\t\t\t\t\n\t\t\t\t\n\t\t\t\t\n\t\t\t\t<h5 class=\"et_pb_toggle_title\">Ich habe mich f\u00fcr einen Unterricht angemeldet. Wie erfahre ich, wann mein Unterricht beginnt?<\/h5>\n\t\t\t\t<div class=\"et_pb_toggle_content clearfix\"><p>Deine Kontaktdaten erh\u00e4lt die Lehrkraft, die mit dem Unterricht beauftragt wird. Sie setzt sich mit dir in Verbindung. Gemeinsam wird ein Unterrichtsbeginn festgelegt.<\/p><\/div>\n\t\t\t<\/div><div class=\"et_pb_module et_d4_element et_pb_toggle et_pb_toggle_1 et_pb_toggle_item  et_pb_toggle_close\">\n\t\t\t\t\n\t\t\t\t\n\t\t\t\t\n\t\t\t\t\n\t\t\t\t<h5 class=\"et_pb_toggle_title\">Kann ich mir einen Lehrer w\u00fcnschen, bei dem ich Unterricht haben m\u00f6chte?<\/h5>\n\t\t\t\t<div class=\"et_pb_toggle_content clearfix\"><p>Wir haben daf\u00fcr in der Anmeldung kein spezielles Feld vorgesehen. Aber du kannst nat\u00fcrlich einen Wunsch vermerken. Allerdings k\u00f6nnen wir nicht versprechen, ob wir diesen Wunsch erf\u00fcllen k\u00f6nnen. Es kommt vor allem darauf an, ob die gew\u00fcnschte Lehrkraft noch einen freien Platz hat. Wenn das nicht der Fall ist, wirst du bei einer anderen Lehrkraft Unterricht haben.<\/p><\/div>\n\t\t\t<\/div><div class=\"et_pb_module et_d4_element et_pb_toggle et_pb_toggle_2 et_pb_toggle_item  et_pb_toggle_close\">\n\t\t\t\t\n\t\t\t\t\n\t\t\t\t\n\t\t\t\t\n\t\t\t\t<h5 class=\"et_pb_toggle_title\">Ich muss kurzfristig meinen Unterricht absagen. Muss ich diese Stunde trotzdem bezahlen?<\/h5>\n\t\t\t\t<div class=\"et_pb_toggle_content clearfix\"><p>Erstmal: Du bezahlst keine einzelnen Stunden, sondern gleichbleibende monatliche Raten.<br \/>Wenn du weniger als 24 Stunden vor Unterrichtsbeginn absagst \u2013 oder dich \u00fcberhaupt nicht meldest \u2013 wird die Unterrichtseinheit wie gehalten gez\u00e4hlt.<\/p><\/div>\n\t\t\t<\/div><div class=\"et_pb_module et_d4_element et_pb_toggle et_pb_toggle_3 et_pb_toggle_item  et_pb_toggle_close\">\n\t\t\t\t\n\t\t\t\t\n\t\t\t\t\n\t\t\t\t\n\t\t\t\t<h5 class=\"et_pb_toggle_title\">Wieviel Unterrichtseinheiten stehen mir in einem Schuljahr zu?<\/h5>\n\t\t\t\t<div class=\"et_pb_toggle_content clearfix\"><p>Wenn du ein komplettes Schuljahr angemeldet bist \u2013 also vom 1.8. bis 31.7. \u2013 hast du Anspruch auf mindestens 36, maximal 38 Unterrichtseinheiten. Wenn du erst w\u00e4hrend des laufenden Schuljahres in den Unterricht einsteigst, sind es dementsprechend weniger.<\/p><\/div>\n\t\t\t<\/div><div class=\"et_pb_module et_d4_element et_pb_toggle et_pb_toggle_4 et_pb_toggle_item  et_pb_toggle_close\">\n\t\t\t\t\n\t\t\t\t\n\t\t\t\t\n\t\t\t\t\n\t\t\t\t<h5 class=\"et_pb_toggle_title\">Ich kann nicht zum Unterricht kommen und habe mich mehr als 24 Stunden vorher abgemeldet. Habe ich Anspruch darauf, dass die Stunde nachgeholt wird?<\/h5>\n\t\t\t\t<div class=\"et_pb_toggle_content clearfix\"><p>Anspruch auf Stundennachholung hast du nicht. Aber du kannst deine Lehrkraft fragen, ob es eine M\u00f6glichkeit gibt, die Stunde nachzuholen. Letztendlich bleibt dir sonst nur die M\u00f6glichkeit, zum Ende des Schuljahres einen Antrag auf R\u00fcckerstattung zu stellen, wenn die Mindestanzahl an gegebenen Unterrichtseinheiten nicht erreicht wurde.<\/p><\/div>\n\t\t\t<\/div><div class=\"et_pb_module et_d4_element et_pb_toggle et_pb_toggle_5 et_pb_toggle_item  et_pb_toggle_close\">\n\t\t\t\t\n\t\t\t\t\n\t\t\t\t\n\t\t\t\t\n\t\t\t\t<h5 class=\"et_pb_toggle_title\">Ich m\u00f6chte mit dem Unterricht aufh\u00f6ren. Wann kann ich k\u00fcndigen?<\/h5>\n\t\t\t\t<div class=\"et_pb_toggle_content clearfix\"><p>Es gibt regul\u00e4r zweimal im Schuljahr die M\u00f6glichkeit zu k\u00fcndigen \u2013 zum Halbjahr, 31.1. und zum Schuljahresende, 31.7. Dabei musst du aber beachten, dass die K\u00fcndigungsfrist zwei Monate vorher bei uns sein muss: Also bei K\u00fcndigung zum 31.1. bis sp\u00e4testens 30.11. und bei K\u00fcndigung zum 31.7. bis sp\u00e4testens 31.5. <br \/>Au\u00dferhalb dieser zwei Termine entscheidet der Schulleiter \u00fcber die vorliegende K\u00fcndigung, und eine Sonderk\u00fcndigungspauschale in H\u00f6he von 20 Euro wird f\u00e4llig.<\/p><\/div>\n\t\t\t<\/div><div class=\"et_pb_module et_d4_element et_pb_toggle et_pb_toggle_6 et_pb_toggle_item  et_pb_toggle_close\">\n\t\t\t\t\n\t\t\t\t\n\t\t\t\t\n\t\t\t\t\n\t\t\t\t<h5 class=\"et_pb_toggle_title\">Kann ich eine Probestunde bei Euch nehmen?<\/h5>\n\t\t\t\t<div class=\"et_pb_toggle_content clearfix\"><p>Einzelne Probestunden bieten wir nicht an. Aber jeder Unterrichtsvertrag kann innerhalb der ersten 4 Wochen, ohne Angaben von Gr\u00fcnden, schriftlich gek\u00fcndigt werden. In diesem Fall wird nur eine Monatsrate vom Entgelt f\u00e4llig.<\/p><\/div>\n\t\t\t<\/div><div class=\"et_pb_module et_d4_element et_pb_toggle et_pb_toggle_7 et_pb_toggle_item  et_pb_toggle_close\">\n\t\t\t\t\n\t\t\t\t\n\t\t\t\t\n\t\t\t\t\n\t\t\t\t<h5 class=\"et_pb_toggle_title\">Bekomme ich einen richtigen Unterrichtsvertrag, wenn der Unterricht losgeht?<\/h5>\n\t\t\t\t<div class=\"et_pb_toggle_content clearfix\"><p>Nein \u2013 deine Anmeldung wird nach Unterrichtsbeginn automatisch zum Unterrichtsvertrag.<\/p><\/div>\n\t\t\t<\/div><div class=\"et_pb_module et_d4_element et_pb_toggle et_pb_toggle_8 et_pb_toggle_item  et_pb_toggle_close\">\n\t\t\t\t\n\t\t\t\t\n\t\t\t\t\n\t\t\t\t\n\t\t\t\t<h5 class=\"et_pb_toggle_title\">Wieso muss ich volles Entgelt bezahlen, wenn Ferien waren und ich im Monat deshalb kaum oder \u00fcberhaupt nicht Unterricht hatte?<\/h5>\n\t\t\t\t<div class=\"et_pb_toggle_content clearfix\"><p>Weil die Schuljahresgeb\u00fchr in 12 gleiche Raten geteilt wird, egal, ob du 3mal oder 5mal oder gar keinen Unterricht hattest. Wenn du ab 1.8. mit dem Unterricht begonnen hast, stehen dir 36 Unterrichtseinheiten zu.<\/p><\/div>\n\t\t\t<\/div><div class=\"et_pb_module et_d4_element et_pb_toggle et_pb_toggle_9 et_pb_toggle_item  et_pb_toggle_close\">\n\t\t\t\t\n\t\t\t\t\n\t\t\t\t\n\t\t\t\t\n\t\t\t\t<h5 class=\"et_pb_toggle_title\">Ich m\u00f6chte meine Lehrkraft wechseln. Was muss ich tun?<\/h5>\n\t\t\t\t<div class=\"et_pb_toggle_content clearfix\"><p>Zuerst sprichst du bitte mit deiner aktuellen Lehrkraft \u00fcber die Gr\u00fcnde des Wechselwunsches. Danach f\u00fcllst du ein Formular \u201e\u00c4nderungsanmeldung\u201c aus. Wenn es die M\u00f6glichkeit gibt (Kapazit\u00e4t bei einer anderen Lehrkraft), ist ein Wechsel auch w\u00e4hrend des Schuljahres m\u00f6glich.<\/p><\/div>\n\t\t\t<\/div><div class=\"et_pb_module et_d4_element et_pb_toggle et_pb_toggle_10 et_pb_toggle_item  et_pb_toggle_close\">\n\t\t\t\t\n\t\t\t\t\n\t\t\t\t\n\t\t\t\t\n\t\t\t\t<h5 class=\"et_pb_toggle_title\">Ich m\u00f6chte gern in einem Ensemble spielen. Muss ich das extra bezahlen?<\/h5>\n\t\t\t\t<div class=\"et_pb_toggle_content clearfix\"><p>Wenn du bei uns ein Hauptfach belegst, sind alle Erg\u00e4nzungsf\u00e4cher (Ensemble oder Musiktheorie) kostenfrei.<\/p><\/div>\n\t\t\t<\/div><div class=\"et_pb_module et_d4_element et_pb_toggle et_pb_toggle_11 et_pb_toggle_item  et_pb_toggle_close\">\n\t\t\t\t\n\t\t\t\t\n\t\t\t\t\n\t\t\t\t\n\t\t\t\t<h5 class=\"et_pb_toggle_title\">Kann ich ein Instrument mieten?<\/h5>\n\t\t\t\t<div class=\"et_pb_toggle_content clearfix\"><p>Klaviere oder Schlagzeuge kann man bei uns nicht mieten. Ansonsten ist das m\u00f6glich \u2013 f\u00fcr 12 Euro monatlich \u2013 solange der Vorrat reicht \u2013 und vorausgesetzt, du erh\u00e4ltst bei uns Unterricht in diesem Fach.<\/p><\/div>\n\t\t\t<\/div><div class=\"et_pb_module et_d4_element et_pb_toggle et_pb_toggle_12 et_pb_toggle_item  et_pb_toggle_close\">\n\t\t\t\t\n\t\t\t\t\n\t\t\t\t\n\t\t\t\t\n\t\t\t\t<h5 class=\"et_pb_toggle_title\">Ich m\u00f6chte ein weiteres Instrument lernen. Bekomme ich daf\u00fcr Erm\u00e4\u00dfigung des Unterrichtentgeltes?<\/h5>\n\t\t\t\t<div class=\"et_pb_toggle_content clearfix\"><p>Leider nicht. Aber wir bieten eine Familienerm\u00e4\u00dfigung an, wenn weitere Familienmitglieder Unterricht bei uns nehmen. Voraussetzung: Alle Familienmitglieder m\u00fcssen unter einem Kassenzeichen gef\u00fchrt werden.<\/p><\/div>\n\t\t\t<\/div><div class=\"et_pb_module et_d4_element et_pb_toggle et_pb_toggle_13 et_pb_toggle_item  et_pb_toggle_close\">\n\t\t\t\t\n\t\t\t\t\n\t\t\t\t\n\t\t\t\t\n\t\t\t\t<h5 class=\"et_pb_toggle_title\">Ich habe mich angemeldet, aber es ist kein Platz in diesem Fach frei. Was passiert mit meiner Anmeldung?<\/h5>\n\t\t\t\t<div class=\"et_pb_toggle_content clearfix\"><p>Du bist in diesem Fall in unserem System registriert \u2013 und zwar auf der \u201eWarteliste\u201c. Sobald ein Platz f\u00fcr dich frei wird, wirst du dar\u00fcber informiert. Dies kann Wochen, Monate oder manchmal auch ein Jahr dauern.<\/p><\/div>\n\t\t\t<\/div>\n\t\t\t<\/div>\n\t\t\t\t\n\t\t\t\t\n\t\t\t\t\n\t\t\t\t\n\t\t\t<\/div>\n\t\t\t\t\n\t\t\t\t\n\t\t\t<\/div>","protected":false},"excerpt":{"rendered":"","protected":false},"author":2,"featured_media":0,"parent":0,"menu_order":0,"comment_status":"closed","ping_status":"closed","template":"","meta":{"_monsterinsights_skip_tracking":false,"_monsterinsights_sitenote_active":false,"_monsterinsights_sitenote_note":"","_monsterinsights_sitenote_category":0,"_et_pb_use_builder":"on","_et_pb_old_content":"","_et_gb_content_width":"","footnotes":""},"class_list":["post-4578","page","type-page","status-publish","hentry"],"_links":{"self":[{"href":"https:\/\/musikschule-goerlitz.de\/pl\/wp-json\/wp\/v2\/pages\/4578","targetHints":{"allow":["GET"]}}],"collection":[{"href":"https:\/\/musikschule-goerlitz.de\/pl\/wp-json\/wp\/v2\/pages"}],"about":[{"href":"https:\/\/musikschule-goerlitz.de\/pl\/wp-json\/wp\/v2\/types\/page"}],"author":[{"embeddable":true,"href":"https:\/\/musikschule-goerlitz.de\/pl\/wp-json\/wp\/v2\/users\/2"}],"replies":[{"embeddable":true,"href":"https:\/\/musikschule-goerlitz.de\/pl\/wp-json\/wp\/v2\/comments?post=4578"}],"version-history":[{"count":10,"href":"https:\/\/musikschule-goerlitz.de\/pl\/wp-json\/wp\/v2\/pages\/4578\/revisions"}],"predecessor-version":[{"id":5833,"href":"https:\/\/musikschule-goerlitz.de\/pl\/wp-json\/wp\/v2\/pages\/4578\/revisions\/5833"}],"wp:attachment":[{"href":"https:\/\/musikschule-goerlitz.de\/pl\/wp-json\/wp\/v2\/media?parent=4578"}],"curies":[{"name":"wp","href":"https:\/\/api.w.org\/{rel}","templated":true}]}}

<div class="et_d4_element et_pb_section et_pb_section_0  et_pb_css_mix_blend_mode et_section_regular et_block_section" >
				
				
				
				
				
				
				<div class="et_d4_element et_pb_row et_pb_row_0  et_pb_css_mix_blend_mode et_block_row">
				<div class="et_d4_element et_pb_column_4_4 et_pb_column et_pb_column_0  et_pb_css_mix_blend_mode et-last-child et_block_column">
				
				
				
				
				<div class="et_pb_module et_d4_element et_pb_toggle et_pb_toggle_0 et_pb_toggle_item  et_pb_toggle_close">
				
				
				
				
				<h5 class="et_pb_toggle_title">Ich habe mich für einen Unterricht angemeldet. Wie erfahre ich, wann mein Unterricht beginnt?</h5>
				<div class="et_pb_toggle_content clearfix"><p>Deine Kontaktdaten erhält die Lehrkraft, die mit dem Unterricht beauftragt wird. Sie setzt sich mit dir in Verbindung. Gemeinsam wird ein Unterrichtsbeginn festgelegt.</p></div>
			</div><div class="et_pb_module et_d4_element et_pb_toggle et_pb_toggle_1 et_pb_toggle_item  et_pb_toggle_close">
				
				
				
				
				<h5 class="et_pb_toggle_title">Kann ich mir einen Lehrer wünschen, bei dem ich Unterricht haben möchte?</h5>
				<div class="et_pb_toggle_content clearfix"><p>Wir haben dafür in der Anmeldung kein spezielles Feld vorgesehen. Aber du kannst natürlich einen Wunsch vermerken. Allerdings können wir nicht versprechen, ob wir diesen Wunsch erfüllen können. Es kommt vor allem darauf an, ob die gewünschte Lehrkraft noch einen freien Platz hat. Wenn das nicht der Fall ist, wirst du bei einer anderen Lehrkraft Unterricht haben.</p></div>
			</div><div class="et_pb_module et_d4_element et_pb_toggle et_pb_toggle_2 et_pb_toggle_item  et_pb_toggle_close">
				
				
				
				
				<h5 class="et_pb_toggle_title">Ich muss kurzfristig meinen Unterricht absagen. Muss ich diese Stunde trotzdem bezahlen?</h5>
				<div class="et_pb_toggle_content clearfix"><p>Erstmal: Du bezahlst keine einzelnen Stunden, sondern gleichbleibende monatliche Raten.<br />Wenn du weniger als 24 Stunden vor Unterrichtsbeginn absagst – oder dich überhaupt nicht meldest – wird die Unterrichtseinheit wie gehalten gezählt.</p></div>
			</div><div class="et_pb_module et_d4_element et_pb_toggle et_pb_toggle_3 et_pb_toggle_item  et_pb_toggle_close">
				
				
				
				
				<h5 class="et_pb_toggle_title">Wieviel Unterrichtseinheiten stehen mir in einem Schuljahr zu?</h5>
				<div class="et_pb_toggle_content clearfix"><p>Wenn du ein komplettes Schuljahr angemeldet bist – also vom 1.8. bis 31.7. – hast du Anspruch auf mindestens 36, maximal 38 Unterrichtseinheiten. Wenn du erst während des laufenden Schuljahres in den Unterricht einsteigst, sind es dementsprechend weniger.</p></div>
			</div><div class="et_pb_module et_d4_element et_pb_toggle et_pb_toggle_4 et_pb_toggle_item  et_pb_toggle_close">
				
				
				
				
				<h5 class="et_pb_toggle_title">Ich kann nicht zum Unterricht kommen und habe mich mehr als 24 Stunden vorher abgemeldet. Habe ich Anspruch darauf, dass die Stunde nachgeholt wird?</h5>
				<div class="et_pb_toggle_content clearfix"><p>Anspruch auf Stundennachholung hast du nicht. Aber du kannst deine Lehrkraft fragen, ob es eine Möglichkeit gibt, die Stunde nachzuholen. Letztendlich bleibt dir sonst nur die Möglichkeit, zum Ende des Schuljahres einen Antrag auf Rückerstattung zu stellen, wenn die Mindestanzahl an gegebenen Unterrichtseinheiten nicht erreicht wurde.</p></div>
			</div><div class="et_pb_module et_d4_element et_pb_toggle et_pb_toggle_5 et_pb_toggle_item  et_pb_toggle_close">
				
				
				
				
				<h5 class="et_pb_toggle_title">Ich möchte mit dem Unterricht aufhören. Wann kann ich kündigen?</h5>
				<div class="et_pb_toggle_content clearfix"><p>Es gibt regulär zweimal im Schuljahr die Möglichkeit zu kündigen – zum Halbjahr, 31.1. und zum Schuljahresende, 31.7. Dabei musst du aber beachten, dass die Kündigungsfrist zwei Monate vorher bei uns sein muss: Also bei Kündigung zum 31.1. bis spätestens 30.11. und bei Kündigung zum 31.7. bis spätestens 31.5. <br />Außerhalb dieser zwei Termine entscheidet der Schulleiter über die vorliegende Kündigung, und eine Sonderkündigungspauschale in Höhe von 20 Euro wird fällig.</p></div>
			</div><div class="et_pb_module et_d4_element et_pb_toggle et_pb_toggle_6 et_pb_toggle_item  et_pb_toggle_close">
				
				
				
				
				<h5 class="et_pb_toggle_title">Kann ich eine Probestunde bei Euch nehmen?</h5>
				<div class="et_pb_toggle_content clearfix"><p>Einzelne Probestunden bieten wir nicht an. Aber jeder Unterrichtsvertrag kann innerhalb der ersten 4 Wochen, ohne Angaben von Gründen, schriftlich gekündigt werden. In diesem Fall wird nur eine Monatsrate vom Entgelt fällig.</p></div>
			</div><div class="et_pb_module et_d4_element et_pb_toggle et_pb_toggle_7 et_pb_toggle_item  et_pb_toggle_close">
				
				
				
				
				<h5 class="et_pb_toggle_title">Bekomme ich einen richtigen Unterrichtsvertrag, wenn der Unterricht losgeht?</h5>
				<div class="et_pb_toggle_content clearfix"><p>Nein – deine Anmeldung wird nach Unterrichtsbeginn automatisch zum Unterrichtsvertrag.</p></div>
			</div><div class="et_pb_module et_d4_element et_pb_toggle et_pb_toggle_8 et_pb_toggle_item  et_pb_toggle_close">
				
				
				
				
				<h5 class="et_pb_toggle_title">Wieso muss ich volles Entgelt bezahlen, wenn Ferien waren und ich im Monat deshalb kaum oder überhaupt nicht Unterricht hatte?</h5>
				<div class="et_pb_toggle_content clearfix"><p>Weil die Schuljahresgebühr in 12 gleiche Raten geteilt wird, egal, ob du 3mal oder 5mal oder gar keinen Unterricht hattest. Wenn du ab 1.8. mit dem Unterricht begonnen hast, stehen dir 36 Unterrichtseinheiten zu.</p></div>
			</div><div class="et_pb_module et_d4_element et_pb_toggle et_pb_toggle_9 et_pb_toggle_item  et_pb_toggle_close">
				
				
				
				
				<h5 class="et_pb_toggle_title">Ich möchte meine Lehrkraft wechseln. Was muss ich tun?</h5>
				<div class="et_pb_toggle_content clearfix"><p>Zuerst sprichst du bitte mit deiner aktuellen Lehrkraft über die Gründe des Wechselwunsches. Danach füllst du ein Formular „Änderungsanmeldung“ aus. Wenn es die Möglichkeit gibt (Kapazität bei einer anderen Lehrkraft), ist ein Wechsel auch während des Schuljahres möglich.</p></div>
			</div><div class="et_pb_module et_d4_element et_pb_toggle et_pb_toggle_10 et_pb_toggle_item  et_pb_toggle_close">
				
				
				
				
				<h5 class="et_pb_toggle_title">Ich möchte gern in einem Ensemble spielen. Muss ich das extra bezahlen?</h5>
				<div class="et_pb_toggle_content clearfix"><p>Wenn du bei uns ein Hauptfach belegst, sind alle Ergänzungsfächer (Ensemble oder Musiktheorie) kostenfrei.</p></div>
			</div><div class="et_pb_module et_d4_element et_pb_toggle et_pb_toggle_11 et_pb_toggle_item  et_pb_toggle_close">
				
				
				
				
				<h5 class="et_pb_toggle_title">Kann ich ein Instrument mieten?</h5>
				<div class="et_pb_toggle_content clearfix"><p>Klaviere oder Schlagzeuge kann man bei uns nicht mieten. Ansonsten ist das möglich – für 12 Euro monatlich – solange der Vorrat reicht – und vorausgesetzt, du erhältst bei uns Unterricht in diesem Fach.</p></div>
			</div><div class="et_pb_module et_d4_element et_pb_toggle et_pb_toggle_12 et_pb_toggle_item  et_pb_toggle_close">
				
				
				
				
				<h5 class="et_pb_toggle_title">Ich möchte ein weiteres Instrument lernen. Bekomme ich dafür Ermäßigung des Unterrichtentgeltes?</h5>
				<div class="et_pb_toggle_content clearfix"><p>Leider nicht. Aber wir bieten eine Familienermäßigung an, wenn weitere Familienmitglieder Unterricht bei uns nehmen. Voraussetzung: Alle Familienmitglieder müssen unter einem Kassenzeichen geführt werden.</p></div>
			</div><div class="et_pb_module et_d4_element et_pb_toggle et_pb_toggle_13 et_pb_toggle_item  et_pb_toggle_close">
				
				
				
				
				<h5 class="et_pb_toggle_title">Ich habe mich angemeldet, aber es ist kein Platz in diesem Fach frei. Was passiert mit meiner Anmeldung?</h5>
				<div class="et_pb_toggle_content clearfix"><p>Du bist in diesem Fall in unserem System registriert – und zwar auf der „Warteliste“. Sobald ein Platz für dich frei wird, wirst du darüber informiert. Dies kann Wochen, Monate oder manchmal auch ein Jahr dauern.</p></div>
			</div>
			</div>
				
				
				
				
			</div>
				
				
			</div>
